{"id":75,"date":"2006-12-21T07:37:22","date_gmt":"2006-12-21T06:37:22","guid":{"rendered":"http:\/\/217.25.128.12\/?page_id=75"},"modified":"2025-03-24T18:44:26","modified_gmt":"2025-03-24T17:44:26","slug":"mark-dvoretzky","status":"publish","type":"page","link":"https:\/\/www.schachzentrum-baden-baden.de\/?page_id=75","title":{"rendered":"Mark Dvoretzky \u2020"},"content":{"rendered":"<p><a title=\"Mark Dvoretzky\" href=\"http:\/\/www.schachzentrum-baden-baden.de\/wp-content\/uploads\/2007\/09\/mark_dvoretzky.jpg\"><img decoding=\"async\" src=\"http:\/\/www.schachzentrum-baden-baden.de\/wp-content\/uploads\/2007\/09\/mark_dvoretzky.thumbnail.jpg\" alt=\"Mark Dvoretzky\"><\/a><strong>(geb. 9. Dezember 1947 in Moskau, \u2020 26. September 2016) <\/strong>War Weltklassetrainer und bekannter Schachbuchautor.<br \/>\nDworetzky begann 1972, nach Abschluss seines Universit\u00e4tsstudiums der \u00d6konomie, seine T\u00e4tigkeit als Schachlehrer. Er arbeitete u.a. gemeinsam mit Ex-Weltmeister Michail Botwinnik in dessen Botwinnik-Schachschule mit den gr\u00f6\u00dften sowjetischen Talenten. Dworetzky gewann 1973 die Meisterschaft von Moskau und wurde 1975 von der FIDE zum Internationalen Meister ernannt. Er z\u00e4hlt zu seinen bedeutendsten Sch\u00fclern die Gro\u00dfmeister Waleri Tschechow, Artur Jussupow und Sergei Dolmatow, die unter Dworetzkys Schulung die individuelle Jugendweltmeisterschaft gewannen, sowie den Weltklassespieler und WM-Kandidaten Alexei Dreev. Gemeinsam mit Jussupow f\u00fchrte er zwischen 1990 und 1992 eine Schachschule, aus der u.a. die Super-Gro\u00dfmeister Viswanathan Anand, Peter Swidler, Wadim Swjaginzew und Sergei Movsesian hervorgingen. Dworetzky verfasste eine Reihe bedeutender Schachb\u00fccher, die in zahlreiche Sprachen \u00fcbersetzt wurden.<a title=\"Mark Dvoretzky\" href=\"http:\/\/www.schachzentrum-baden-baden.de\/wp-content\/uploads\/2007\/09\/mark_dvoretzky.jpg\"><br \/>\n<\/a><\/p>\n","protected":false},"excerpt":{"rendered":"<p>(geb. 9. Dezember 1947 in Moskau, \u2020 26. September 2016) War Weltklassetrainer und bekannter Schachbuchautor. Dworetzky begann 1972, nach Abschluss seines Universit\u00e4tsstudiums der \u00d6konomie, seine T\u00e4tigkeit als Schachlehrer. Er arbeitete [&hellip;]<\/p>\n","protected":false},"author":1,"featured_media":0,"parent":71,"menu_order":8,"comment_status":"closed","ping_status":"closed","template":"","meta":[],"_links":{"self":[{"href":"https:\/\/www.schachzentrum-baden-baden.de\/index.php?rest_route=\/wp\/v2\/pages\/75"}],"collection":[{"href":"https:\/\/www.schachzentrum-baden-baden.de\/index.php?rest_route=\/wp\/v2\/pages"}],"about":[{"href":"https:\/\/www.schachzentrum-baden-baden.de\/index.php?rest_route=\/wp\/v2\/types\/page"}],"author":[{"embeddable":true,"href":"https:\/\/www.schachzentrum-baden-baden.de\/index.php?rest_route=\/wp\/v2\/users\/1"}],"replies":[{"embeddable":true,"href":"https:\/\/www.schachzentrum-baden-baden.de\/index.php?rest_route=%2Fwp%2Fv2%2Fcomments&post=75"}],"version-history":[{"count":8,"href":"https:\/\/www.schachzentrum-baden-baden.de\/index.php?rest_route=\/wp\/v2\/pages\/75\/revisions"}],"predecessor-version":[{"id":8201,"href":"https:\/\/www.schachzentrum-baden-baden.de\/index.php?rest_route=\/wp\/v2\/pages\/75\/revisions\/8201"}],"up":[{"embeddable":true,"href":"https:\/\/www.schachzentrum-baden-baden.de\/index.php?rest_route=\/wp\/v2\/pages\/71"}],"wp:attachment":[{"href":"https:\/\/www.schachzentrum-baden-baden.de\/index.php?rest_route=%2Fwp%2Fv2%2Fmedia&parent=75"}],"curies":[{"name":"wp","href":"https:\/\/api.w.org\/{rel}","templated":true}]}}